[INFO] cloning repository https://github.com/xfix/snippet-uploader
[INFO] running `Command { std: "git" "-c" "credential.helper=" "-c" "credential.helper=/workspace/cargo-home/bin/git-credential-null" "clone" "--bare" "https://github.com/xfix/snippet-uploader" "/workspace/cache/git-repos/https%3A%2F%2Fgithub.com%2Fxfix%2Fsnippet-uploader", kill_on_drop: false }`
[INFO] [stderr] Cloning into bare repository '/workspace/cache/git-repos/https%3A%2F%2Fgithub.com%2Fxfix%2Fsnippet-uploader'...
[INFO] running `Command { std: "git" "rev-parse" "HEAD", kill_on_drop: false }`
[INFO] [stdout] 8664d22baec4ae475fe847d850fee51ba9afbc25
[INFO] building xfix/snippet-uploader against master#881c1ac408d93bb7adaa3a51dabab9266e82eee8 for issue-85264
[INFO] running `Command { std: "git" "clone" "/workspace/cache/git-repos/https%3A%2F%2Fgithub.com%2Fxfix%2Fsnippet-uploader" "/workspace/builds/worker-2/source", kill_on_drop: false }`
[INFO] [stderr] Cloning into '/workspace/builds/worker-2/source'...
[INFO] [stderr] done.
[INFO] validating manifest of git repo https://github.com/xfix/snippet-uploader on toolchain 881c1ac408d93bb7adaa3a51dabab9266e82eee8
[INFO] running `Command { std: "/workspace/cargo-home/bin/cargo" "+881c1ac408d93bb7adaa3a51dabab9266e82eee8" "metadata" "--manifest-path" "Cargo.toml" "--no-deps", kill_on_drop: false }`
[INFO] started tweaking git repo https://github.com/xfix/snippet-uploader
[INFO] finished tweaking git repo https://github.com/xfix/snippet-uploader
[INFO] tweaked toml for git repo https://github.com/xfix/snippet-uploader written to /workspace/builds/worker-2/source/Cargo.toml
[INFO] crate git repo https://github.com/xfix/snippet-uploader already has a lockfile, it will not be regenerated
[INFO] running `Command { std: "/workspace/cargo-home/bin/cargo" "+881c1ac408d93bb7adaa3a51dabab9266e82eee8" "fetch" "--manifest-path" "Cargo.toml", kill_on_drop: false }`
[INFO] [stderr]     Blocking waiting for file lock on package cache
[INFO] [stderr]     Updating git repository `https://github.com/SergioBenitez/Rocket/`
[INFO] [stderr]  Downloading crates ...
[INFO] [stderr]   Downloaded digest v0.5.2
[INFO] [stderr]   Downloaded slug v0.1.2
[INFO] [stderr]   Downloaded lazy_static v0.2.8
[INFO] [stderr]   Downloaded unidecode v0.2.0
[INFO] [stderr]   Downloaded dbghelp-sys v0.2.0
[INFO] [stderr]   Downloaded cfg-if v0.1.0
[INFO] [stderr]   Downloaded num-iter v0.1.33
[INFO] [stderr]   Downloaded chrono v0.3.1
[INFO] [stderr]   Downloaded gcc v0.3.49
[INFO] [stderr]   Downloaded smallvec v0.3.3
[INFO] [stderr]   Downloaded semver v0.1.20
[INFO] [stderr]   Downloaded deque v0.3.2
[INFO] [stderr]   Downloaded thread_local v0.3.3
[INFO] [stderr]   Downloaded rayon-core v1.0.2
[INFO] [stderr]   Downloaded untrusted v0.5.0
[INFO] [stderr]   Downloaded tiny_http v0.5.8
[INFO] [stderr]   Downloaded redox_syscall v0.1.17
[INFO] [stderr]   Downloaded encoding_index_tests v0.1.4
[INFO] [stderr]   Downloaded encoding-index-korean v1.20141219.5
[INFO] [stderr]   Downloaded phf_shared v0.7.21
[INFO] [stderr]   Downloaded plugin v0.2.6
[INFO] [stderr]   Downloaded conduit-mime-types v0.7.3
[INFO] [stderr]   Downloaded backtrace-sys v0.1.11
[INFO] [stderr]   Downloaded encoding v0.2.33
[INFO] [stderr]   Downloaded r2d2 v0.7.2
[INFO] [stderr]   Downloaded log v0.3.8
[INFO] [stderr]   Downloaded siphasher v0.2.2
[INFO] [stderr]   Downloaded httparse v1.2.3
[INFO] [stderr]   Downloaded base64 v0.5.2
[INFO] [stderr]   Downloaded pear v0.0.8
[INFO] [stderr]   Downloaded time v0.1.37
[INFO] [stderr]   Downloaded rustc-demangle v0.1.4
[INFO] [stderr]   Downloaded rust-crypto v0.2.36
[INFO] [stderr]   Downloaded uuid v0.1.18
[INFO] [stderr]   Downloaded serde_derive v1.0.8
[INFO] [stderr]   Downloaded diesel_codegen v0.13.0
[INFO] [stderr]   Downloaded tempdir v0.3.5
[INFO] [stderr]   Downloaded r2d2-diesel v0.13.0
[INFO] [stderr]   Downloaded num_cpus v1.5.0
[INFO] [stderr]   Downloaded backtrace v0.3.2
[INFO] [stderr]   Downloaded ansi_term v0.9.0
[INFO] [stderr]   Downloaded sha2 v0.5.2
[INFO] [stderr]   Downloaded buf_redux v0.6.1
[INFO] [stderr]   Downloaded bcrypt v0.1.3
[INFO] [stderr]   Downloaded byteorder v1.0.0
[INFO] [stderr]   Downloaded pq-sys v0.4.3
[INFO] [stderr]   Downloaded twoway v0.1.3
[INFO] [stderr]   Downloaded rand v0.3.15
[INFO] [stderr]   Downloaded digest-buffer v0.3.1
[INFO] [stderr]   Downloaded regex-syntax v0.4.1
[INFO] [stderr]   Downloaded state v0.2.1
[INFO] [stderr]   Downloaded term v0.4.5
[INFO] [stderr]   Downloaded url v0.2.38
[INFO] [stderr]   Downloaded memchr v1.0.1
[INFO] [stderr]   Downloaded chrono v0.2.25
[INFO] [stderr]   Downloaded generic-array v0.7.2
[INFO] [stderr]   Downloaded humansize v1.0.1
[INFO] [stderr]   Downloaded ipnetwork v0.12.4
[INFO] [stderr]   Downloaded cookie v0.8.1
[INFO] [stderr]   Downloaded safemem v0.1.1
[INFO] [stderr]   Downloaded encoding-index-singlebyte v1.20141219.5
[INFO] [stderr]   Downloaded phf v0.7.21
[INFO] [stderr]   Downloaded error v0.1.9
[INFO] [stderr]   Downloaded ascii v0.7.1
[INFO] [stderr]   Downloaded unicode-normalization v0.1.4
[INFO] [stderr]   Downloaded encoding-index-tradchinese v1.20141219.5
[INFO] [stderr]   Downloaded iron v0.5.1
[INFO] [stderr]   Downloaded typenum v1.5.2
[INFO] [stderr]   Downloaded byte-tools v0.1.3
[INFO] [stderr]   Downloaded unicode-bidi v0.3.3
[INFO] [stderr]   Downloaded matches v0.1.4
[INFO] [stderr]   Downloaded pear_codegen v0.0.8
[INFO] [stderr]   Downloaded num v0.1.37
[INFO] [stderr]   Downloaded version_check v0.1.0
[INFO] [stderr]   Downloaded ordermap v0.2.10
[INFO] [stderr]   Downloaded tera v0.10.6
[INFO] [stderr]   Downloaded modifier v0.1.0
[INFO] [stderr]   Downloaded memchr v0.1.11
[INFO] [stderr]   Downloaded dotenv v0.9.0
[INFO] [stderr]   Downloaded diesel v0.13.0
[INFO] [stderr]   Downloaded chunked_transfer v0.3.1
[INFO] [stderr]   Downloaded diesel_infer_schema v0.13.0
[INFO] [stderr]   Downloaded error-chain v0.10.0
[INFO] [stderr]   Downloaded regex v0.2.2
[INFO] [stderr]   Downloaded multipart v0.12.0
[INFO] [stderr]   Downloaded phf_generator v0.7.21
[INFO] [stderr]   Downloaded phf_codegen v0.7.21
[INFO] [stderr]   Downloaded mime_guess v1.8.1
[INFO] [stderr]   Downloaded encoding-index-japanese v1.20141219.5
[INFO] [stderr]   Downloaded idna v0.1.2
[INFO] [stderr]   Downloaded ring v0.9.7
[INFO] [stderr]   Downloaded encoding-index-simpchinese v1.20141219.5
[INFO] [stderr]   Downloaded scheduled-thread-pool v0.1.0
[INFO] [stderr]   Downloaded rayon v0.7.1
[INFO] [stderr]   Downloaded aho-corasick v0.6.3
[INFO] [stderr]   Downloaded thread-id v3.1.0
[INFO] [stderr]   Downloaded num-traits v0.1.37
[INFO] [stderr]   Downloaded glob v0.2.11
[INFO] [stderr]   Downloaded hyper v0.10.11
[INFO] [stderr]   Downloaded utf8-ranges v1.0.0
[INFO] [stderr]   Downloaded unicase v1.4.0
[INFO] [stderr]   Downloaded rustc_version v0.1.7
[INFO] [stderr]   Downloaded term-painter v0.2.3
[INFO] [stderr]   Downloaded toml v0.2.1
[INFO] [stderr]   Downloaded num-integer v0.1.34
[INFO] [stderr]   Downloaded libc v0.2.23
[INFO] [stderr]   Downloaded pest v0.4.1
[INFO] [stderr]   Downloaded serde_json v1.0.2
[INFO] [stderr]   Downloaded url v1.4.1
[INFO] [stderr]   Downloaded odds v0.2.25
[INFO] [stderr]   Downloaded serde v1.0.8
[INFO] [stderr]   Downloaded serde_derive_internals v0.15.1
[INFO] [stderr]   Downloaded nodrop v0.1.9
[INFO] running `Command { std: "docker" "create" "-v" "/var/lib/crater-agent-workspace/builds/worker-2/target:/opt/rustwide/target:rw,Z" "-v" "/var/lib/crater-agent-workspace/builds/worker-2/source:/opt/rustwide/workdir:ro,Z" "-v" "/var/lib/crater-agent-workspace/cargo-home:/opt/rustwide/cargo-home:ro,Z" "-v" "/var/lib/crater-agent-workspace/rustup-home:/opt/rustwide/rustup-home:ro,Z" "-e" "SOURCE_DIR=/opt/rustwide/workdir" "-e" "CARGO_TARGET_DIR=/opt/rustwide/target" "-e" "CARGO_HOME=/opt/rustwide/cargo-home" "-e" "RUSTUP_HOME=/opt/rustwide/rustup-home" "-w" "/opt/rustwide/workdir" "-m" "1610612736" "--user" "0:0" "--network" "none" "ghcr.io/rust-lang/crates-build-env/linux@sha256:20528e8c29e4536546f0102ce88568b16ea7538393a33fcca951030f7af10457" "/opt/rustwide/cargo-home/bin/cargo" "+881c1ac408d93bb7adaa3a51dabab9266e82eee8" "metadata" "--no-deps" "--format-version=1", kill_on_drop: false }`
[INFO] [stderr] WARNING: Your kernel does not support swap limit capabilities or the cgroup is not mounted. Memory limited without swap.
[INFO] [stdout] cfc246a3632f234d44b29a82e3f73b5b99e2e115307721c14740149037f0e8f1
[INFO] running `Command { std: "docker" "start" "-a" "cfc246a3632f234d44b29a82e3f73b5b99e2e115307721c14740149037f0e8f1", kill_on_drop: false }`
[INFO] running `Command { std: "docker" "inspect" "cfc246a3632f234d44b29a82e3f73b5b99e2e115307721c14740149037f0e8f1", kill_on_drop: false }`
[INFO] running `Command { std: "docker" "rm" "-f" "cfc246a3632f234d44b29a82e3f73b5b99e2e115307721c14740149037f0e8f1", kill_on_drop: false }`
[INFO] [stdout] cfc246a3632f234d44b29a82e3f73b5b99e2e115307721c14740149037f0e8f1
[INFO] running `Command { std: "docker" "create" "-v" "/var/lib/crater-agent-workspace/builds/worker-2/target:/opt/rustwide/target:rw,Z" "-v" "/var/lib/crater-agent-workspace/builds/worker-2/source:/opt/rustwide/workdir:ro,Z" "-v" "/var/lib/crater-agent-workspace/cargo-home:/opt/rustwide/cargo-home:ro,Z" "-v" "/var/lib/crater-agent-workspace/rustup-home:/opt/rustwide/rustup-home:ro,Z" "-e" "SOURCE_DIR=/opt/rustwide/workdir" "-e" "CARGO_TARGET_DIR=/opt/rustwide/target" "-e" "CARGO_INCREMENTAL=0" "-e" "RUST_BACKTRACE=full" "-e" "RUSTFLAGS=--cap-lints=forbid" "-e" "CARGO_HOME=/opt/rustwide/cargo-home" "-e" "RUSTUP_HOME=/opt/rustwide/rustup-home" "-w" "/opt/rustwide/workdir" "-m" "1610612736" "--user" "0:0" "--network" "none" "ghcr.io/rust-lang/crates-build-env/linux@sha256:20528e8c29e4536546f0102ce88568b16ea7538393a33fcca951030f7af10457" "/opt/rustwide/cargo-home/bin/cargo" "+881c1ac408d93bb7adaa3a51dabab9266e82eee8" "build" "--frozen" "--message-format=json", kill_on_drop: false }`
[INFO] [stdout] 9eb53ca87a451d9d27309555ce4d69c2b7abb8a6607a6ba11ece4fa17bec0581
[INFO] [stderr] WARNING: Your kernel does not support swap limit capabilities or the cgroup is not mounted. Memory limited without swap.
[INFO] running `Command { std: "docker" "start" "-a" "9eb53ca87a451d9d27309555ce4d69c2b7abb8a6607a6ba11ece4fa17bec0581", kill_on_drop: false }`
[INFO] [stderr]    Compiling semver v0.1.20
[INFO] [stderr]    Compiling gcc v0.3.49
[INFO] [stderr]    Compiling num-traits v0.1.37
[INFO] [stderr]    Compiling matches v0.1.4
[INFO] [stderr]    Compiling byteorder v1.0.0
[INFO] [stderr]    Compiling traitobject v0.1.0
[INFO] [stderr]    Compiling rayon-core v1.0.2
[INFO] [stderr]    Compiling unicode-normalization v0.1.4
[INFO] [stderr]    Compiling deque v0.3.2
[INFO] [stderr]    Compiling siphasher v0.2.2
[INFO] [stderr]    Compiling void v1.0.2
[INFO] [stderr]    Compiling version_check v0.1.0
[INFO] [stderr]    Compiling ansi_term v0.9.0
[INFO] [stderr]    Compiling language-tags v0.2.2
[INFO] [stderr]    Compiling httparse v1.2.3
[INFO] [stderr]    Compiling unicode-xid v0.0.4
[INFO] [stderr]    Compiling typenum v1.5.2
[INFO] [stderr]    Compiling pq-sys v0.4.3
[INFO] [stderr]    Compiling utf8-ranges v1.0.0
[INFO] [stderr]    Compiling odds v0.2.25
[INFO] [stderr]    Compiling quote v0.3.15
[INFO] [stderr]    Compiling untrusted v0.5.0
[INFO] [stderr]    Compiling term v0.4.5
[INFO] [stderr]    Compiling rustc-demangle v0.1.4
[INFO] [stderr]    Compiling cfg-if v0.1.0
[INFO] [stderr]    Compiling ipnetwork v0.12.4
[INFO] [stderr]    Compiling pear v0.0.8
[INFO] [stderr]    Compiling dtoa v0.4.1
[INFO] [stderr]    Compiling pear_codegen v0.0.8
[INFO] [stderr]    Compiling serde v1.0.8
[INFO] [stderr]    Compiling itoa v0.3.1
[INFO] [stderr]    Compiling smallvec v0.3.3
[INFO] [stderr]    Compiling state v0.2.1
[INFO] [stdout] error[E0557]: feature has been removed
[INFO] [stdout]  --> /opt/rustwide/cargo-home/registry/src/github.com-1ecc6299db9ec823/pear_codegen-0.0.8/src/lib.rs:1:45
[INFO] [stdout]   |
[INFO] [stdout] 1 | #![feature(plugin_registrar, rustc_private, quote)]
[INFO] [stdout]   |                                             ^^^^^ feature has been removed
[INFO] [stdout] 
[INFO] [stdout] 
[INFO] [stderr]    Compiling ordermap v0.2.10
[INFO] [stderr]    Compiling antidote v1.0.0
[INFO] [stdout] error[E0462]: found staticlib `rustc` instead of rlib or dylib
[INFO] [stdout]  --> /opt/rustwide/cargo-home/registry/src/github.com-1ecc6299db9ec823/pear_codegen-0.0.8/src/lib.rs:3:1
[INFO] [stdout]   |
[INFO] [stdout] 3 | extern crate rustc;
[INFO] [stdout]   | ^^^^^^^^^^^^^^^^^^^
[INFO] [stdout]   |
[INFO] [stdout]   = help: please recompile that crate using --crate-type lib
[INFO] [stdout]   = note: the following crate versions were found:
[INFO] [stdout]           crate `rustc`: /opt/rustwide/rustup-home/toolchains/881c1ac408d93bb7adaa3a51dabab9266e82eee8/lib/rustlib/x86_64-unknown-linux-gnu/lib/librustc-nightly_rt.msan.a
[INFO] [stdout]           crate `rustc`: /opt/rustwide/rustup-home/toolchains/881c1ac408d93bb7adaa3a51dabab9266e82eee8/lib/rustlib/x86_64-unknown-linux-gnu/lib/librustc-nightly_rt.lsan.a
[INFO] [stdout]           crate `rustc`: /opt/rustwide/rustup-home/toolchains/881c1ac408d93bb7adaa3a51dabab9266e82eee8/lib/rustlib/x86_64-unknown-linux-gnu/lib/librustc-nightly_rt.asan.a
[INFO] [stdout]           crate `rustc`: /opt/rustwide/rustup-home/toolchains/881c1ac408d93bb7adaa3a51dabab9266e82eee8/lib/rustlib/x86_64-unknown-linux-gnu/lib/librustc-nightly_rt.tsan.a
[INFO] [stdout] 
[INFO] [stdout] 
[INFO] [stdout] error: aborting due to 2 previous errors
[INFO] [stdout] 
[INFO] [stdout] 
[INFO] [stdout] For more information about this error, try `rustc --explain E0557`.
[INFO] [stdout] 
[INFO] [stderr] error: could not compile `pear_codegen`
[INFO] [stderr] 
[INFO] [stderr] To learn more, run the command again with --verbose.
[INFO] [stderr] warning: build failed, waiting for other jobs to finish...
[INFO] [stdout] error[E0658]: trait bounds other than `Sized` on const fn parameters are unstable
[INFO] [stdout]   --> /opt/rustwide/cargo-home/registry/src/github.com-1ecc6299db9ec823/state-0.2.1/src/storage.rs:58:6
[INFO] [stdout]    |
[INFO] [stdout] 58 | impl<T: Send + Sync + 'static> Storage<T> {
[INFO] [stdout]    |      ^
[INFO] [stdout]    |
[INFO] [stdout]    = note: see issue #57563 <https://github.com/rust-lang/rust/issues/57563> for more information
[INFO] [stdout]    = help: add `#![feature(const_fn_trait_bound)]` to the crate attributes to enable
[INFO] [stdout] 
[INFO] [stdout] 
[INFO] [stdout] error: aborting due to previous error
[INFO] [stdout] 
[INFO] [stdout] 
[INFO] [stdout] For more information about this error, try `rustc --explain E0658`.
[INFO] [stdout] 
[INFO] [stderr] error: build failed
[INFO] running `Command { std: "docker" "inspect" "9eb53ca87a451d9d27309555ce4d69c2b7abb8a6607a6ba11ece4fa17bec0581", kill_on_drop: false }`
[INFO] running `Command { std: "docker" "rm" "-f" "9eb53ca87a451d9d27309555ce4d69c2b7abb8a6607a6ba11ece4fa17bec0581", kill_on_drop: false }`
[INFO] [stdout] 9eb53ca87a451d9d27309555ce4d69c2b7abb8a6607a6ba11ece4fa17bec0581
